647 prime?
False
Is 70711321 prime?
False
Is 4571129 composite?
True
Is 228541051 composite?
False
Is 11384242 prime?
False
Is 91216447 prime?
False
Is 13411547 a prime number?
True
Is 21218381 a composite number?
True
Is 15570718 prime?
False
Is 446343571 prime?
True
Is 38120543 composite?
False
Is 3792518 a composite number?
True
Is 706499 a composite number?
False
Is 174942659 composite?
False
Is 40508147 composite?
True
Is 673329 composite?
True
Is 19359519 a prime number?
False
Is 37569029 prime?
True
Is 41991461 prime?
True
Is 183661 composite?
False
Is 182125807 prime?
True
Is 32407279 a composite number?
True
Is 2392459 a prime number?
True
Is 111385891 prime?
False
Is 1826260771 composite?
False
Is 1854982 a prime number?
False
Is 1883227 composite?
False
Is 4647061 a prime number?
True
Is 88460017 a composite number?
True
Is 58432817 prime?
False
Is 93866315 a prime number?
False
Is 958459 a composite number?
False
Is 257339 a composite number?
False
Is 4313713 a prime number?
True
Is 14164093 a composite number?
True
Is 3144887 composite?
False
Is 332238589 composite?
True
Is 142287451 a prime number?
False
Is 166615609 a prime number?
True
Is 3582041 a prime number?
False
Is 118634559 composite?
True
Is 10499051 prime?
False
Is 4686811 a prime number?
True
Is 88051589 composite?
False
Is 19053301 composite?
False
Is 43843699 prime?
False
Is 4953391 a prime number?
True
Is 956844913 a composite number?
False
Is 28868017 a prime number?
False
Is 610757 a prime number?
False
Is 330983 composite?
False
Is 198377 a composite number?
False
Is 43836467 a composite number?
False
Is 41597603 prime?
True
Is 97918973 prime?
True
Is 4503427 prime?
True
Is 2344637 prime?
False
Is 6621851 a composite number?
False
Is 5755649 composite?
False
Is 1345387 composite?
True
Is 7198267 a prime number?
True
Is 29335169 a prime number?
True
Is 4728649 a composite number?
False
Is 31407017 a prime number?
True
Is 123084569 a prime number?
False
Is 9125293 a prime number?
True
Is 13102321 a prime number?
False
Is 201580681 a composite number?
False
Is 14904809 composite?
False
Is 19110359 prime?
True
Is 583961 a prime number?
False
Is 9986323 a composite number?
False
Is 43611977 composite?
False
Is 5920295 a prime number?
False
Is 2741471 prime?
False
Is 3352003 composite?
False
Is 29396429 prime?
False
Is 16196979 a composite number?
True
Is 27472801 prime?
True
Is 1264559791 a prime number?
False
Is 22379779 a composite number?
False
Is 3651607 prime?
True
Is 9271399 composite?
True
Is 31377639 prime?
False
Is 24171991 composite?
False
Is 6394357 a prime number?
True
Is 1111547 composite?
False
Is 221361737 prime?
True
Is 234011381 prime?
True
Is 10733782 a composite number?
True
Is 105686491 a prime number?
True
Is 37051969 composite?
False
Is 475038818 prime?
False
Is 24694441 a composite number?
False
Is 18909673 a prime number?
True
Is 7005399 a prime number?
False
Is 1284663 prime?
False
Is 1395863069 prime?
True
Is 3967313 a prime number?
False
Is 110553211 a prime number?
False
Is 242175371 composite?
False
Is 9405383 a composite number?
True
Is 9728591 a prime number?
True
Is 22396069 composite?
True
Is 29169955 prime?
False
Is 57807373 a composite number?
True
Is 387067013 a composite number?
True
Is 49462381 prime?
False
Is 7265887 a prime number?
True
Is 30225037 composite?
False
Is 153803861 prime?
False
Is 25616971 a composite number?
True
Is 13978793 a composite number?
False
Is 319387 a prime number?
True
Is 183157699 composite?
True
Is 687373 a composite number?
True
Is 860789 prime?
True
Is 37185847 a composite number?
False
Is 10697767 a prime number?
True
Is 908513 composite?
False
Is 115837 a prime number?
True
Is 69169217 composite?
True
Is 310643 composite?
False
Is 311361499 composite?
True
Is 169132799 prime?
False
Is 23621239 composite?
True
Is 1704839 composite?
True
Is 1790909 prime?
False
Is 19609411 a prime number?
True
Is 2929231 a prime number?
True
Is 3923243 a composite number?
True
Is 9469489 a prime number?
True
Is 1867133 a prime number?
False
Is 23244311 a prime number?
True
Is 99952123 prime?
True
Is 16840811 a composite number?
True
Is 38629457 a prime number?
False
Is 4004417 a composite number?
False
Is 5749603 prime?
True
Is 16917827 a prime number?
False
Is 77919119 prime?
True
Is 1462121 composite?
True
Is 1188503 composite?
True
Is 129241681 a prime number?
False
Is 247279 a composite number?
False
Is 26600233 prime?
False
Is 21778489 a prime number?
True
Is 10333731 a prime number?
False
Is 912619 composite?
True
Is 2305717 a prime number?
False
Is 20247311 composite?
True
Is 184451095 a prime number?
False
Is 9683033 a composite number?
False
Is 101914931 a prime number?
True
Is 152710399 a composite number?
True
Is 492578167 composite?
False
Is 76551749 prime?
True
Is 1499665 a prime number?
False
Is 71619641 prime?
False
Is 3956629 composite?
True
Is 18345863 a composite number?
False
Is 4657853 prime?
True
Is 2573323 a prime number?
False
Is 17922491 composite?
True
Is 2545619 composite?
False
Is 156521083 prime?
False
Is 9972289 composite?
True
Is 60223811 a prime number?
False
Is 2505865 a composite number?
True
Is 77379589 prime?
False
Is 41507493 a prime number?
False
Is 1878353 a composite number?
False
Is 71661761 composite?
True
Is 24596993 a prime number?
False
Is 1361827 a composite number?
False
Is 703573 composite?
True
Is 3884689 prime?
True
Is 9055205 composite?
True
Is 854449 prime?
False
Is 21175891 a prime number?
False
Is 119153711 a composite number?
True
Is 15715099 prime?
True
Is 256117 a prime number?
True
Is 23899489 a prime number?
False
Is 25368271 a prime number?
False
Is 26623933 a composite number?
True
Is 3731059 composite?
True
Is 31753851 prime?
False
Is 33044818 a prime number?
False
Is 100079659 composite?
False
Is 370953257 a composite number?
True
Is 32687879 a composite number?
True
Is 382573079 prime?
False
Is 2511389 composite?
False
Is 28134527 a prime number?
True
Is 21567809 a prime number?
True
Is 58342523 composite?
False
Is 300291437 a composite number?
False
Is 106233751 prime?
False
Is 1580885 prime?
False
Is 4131293 a composite number?
False
Is 3200299 a prime number?
False
Is 2225759 a prime number?
False
Is 258899539 a composite number?
False
Is 1249621 a prime number?
True
Is 6699503 prime?
False
Is 97059 a composite number?
True
Is 51623771 composite?
True
Is 18328265 a prime number?
False
Is 9753589 prime?
True
Is 44362921 prime?
False
Is 125197421 composite?
False
Is 16530977 composite?
True
Is 8722739 a prime number?
True
Is 91247147 a composite number?
True
Is 2992749 a prime number?
False
Is 57410831 prime?
True
Is 1125787 a prime number?
False
Is 1309270195 composite?
True
Is 114045959 a prime number?
False
Is 9796399 composite?
True
Is 1039229 prime?
True
Is 660068543 composite?
False
Is 25325819 a prime number?
True
Is 1926919 a prime number?
True
Is 88997791 composite?
True
Is 26397727 prime?
False
Is 1047031 a composite number?
False
Is 4884029 prime?
True
Is 93853113 prime?
False
Is 9638003 composite?
True
Is 32883349 a composite number?
False
Is 39390049 composite?
True
Is 4082651 prime?
True
Is 646187 composite?
True
Is 340709 composite?
False
Is 5297251 composite?
True
Is 5094181 composite?
False
Is 1722093 prime?
False
Is 110290163 a composite number?
False
Is 6401777 prime?
False
Is 56891023 prime?
False
Is 11194817 a composite number?
True
Is 5868503 a prime number?
False
Is 1101041 prime?
False
Is 1795621 prime?
True
Is 1570421 a composite number?
False
Is 5798293 a composite number?
True
Is 18203401 a composite number?
False
Is 274762721 a composite number?
True
Is 90905071 a composite number?
False
Is 3625619 prime?
True
Is 5522327 a composite number?
False
Is 16802953 composite?
True
Is 108110353 prime?
False
Is 799441 prime?
True
Is 20874115 prime?
False
Is 334021445 a prime number?
False
Is 142447 composite?
True
Is 68487551 a composite number?
True
Is 373613 a composite number?
False
Is 49300829 a prime number?
True
Is 24510049 composite?
False
Is 139792979 a composite number?
False
Is 25308161 composite?
False
Is 99734353 prime?
True
Is 16693143 composite?
True
Is 20778871 prime?
True
Is 155834467 composite?
False
Is 44055113